 120220120211?
120220200022
In base 4, what is 1 + 2010123311?
2010123312
In base 7, what is -46451422 + 44?
-46451345
In base 5, what is -14233421 + 2031?
-14231340
In base 8, what is 6 - 12717?
-12711
In base 9, what is -55 + 145531?
145465
In base 5, what is -11042414 + -24411?
-11122330
In base 12, what is -2890b28b8 - 1?
-2890b28b9
In base 5, what is -412333322 + -2144?
-412341021
In base 16, what is -1 - -1ce411?
1ce410
In base 3, what is -2002121210010 + -200?
-2002121210210
In base 5, what is -14 - 423310000?
-423310014
In base 10, what is 440875 - -250?
441125
In base 6, what is 0 + 5133314?
5133314
In base 10, what is 98763 + -546?
98217
In base 8, what is -62417 + 2546?
-57651
In base 13, what is -69cb96 - -c7?
-69ca9c
In base 7, what is -25 + 30224254?
30224226
In base 7, what is -4 - -1631366541?
1631366534
In base 4, what is 11221231222 + -13?
11221231203
In base 9, what is -10616 - -28224?
17507
In base 7, what is -2 - -30612011?
30612006
In base 14, what is -4 + -162390?
-162394
In base 13, what is 1424 - -280b?
3c32
In base 10, what is -158024 + -1958?
-159982
In base 12, what is -332a1a34 - -4?
-332a1a30
In base 16, what is 2b0450 + -5?
2b044b
In base 11, what is 3 + 3424a91?
3424a94
In base 16, what is 4d - 67eda1?
-67ed54
In base 12, what is 14b2 + 4b1a5?
50697
In base 7, what is 203 + -1122354?
-1122151
In base 8, what is -40051 + -20?
-40071
In base 12, what is -27718 - 247?
-27963
In base 12, what is 24a6 - -144b4?
1699a
In base 9, what is 2568 + 21823?
24502
In base 14, what is 107cd - -3bb?
10baa
In base 16, what is -239d50 + 2?
-239d4e
In base 13, what is -3 - -1a533a?
1a5337
In base 10, what is -1787790 + 4?
-1787786
In base 12, what is -135854793 + -2?
-135854795
In base 16, what is 5818559 - a?
581854f
In base 2, what is -11111100110000000 + 1111101011?
-11111010110010101
In base 14, what is 1a - 102077?
-10205b
In base 2, what is -100010 + -1000001101000011111?
-1000001101001000001
In base 14, what is 1771db + -3d0?
176c0b
In base 10, what is -3 + 4387677?
4387674
In base 11, what is -1068a - -35?
-10655
In base 15, what is -243bee + 4?
-243bea
In base 14, what is -2 + -34dbc9?
-34dbcb
In base 7, what is -2 + -214306243?
-214306245
In base 7, what is -10256552633 - 4?
-10256552640
In base 2, what is 1 - 1111111110111000111110?
-1111111110111000111101
In base 15, what is -1499 - 1668?
-2b12
In base 7, what is -31452036 - 33?
-31452102
In base 7, what is -3 + 552344104?
552344101
In base 13, what is 1b - -6a488c7?
6a48915
In base 4, what is -12320102112311 + -3?
-12320102112320
In base 2, what is 10 - 100101010101101011001?
-100101010101101010111
In base 10, what is -1174415 - 4?
-1174419
In base 14, what is -5 + -1b8acba?
-1b8acc1
In base 12, what is 35 - 7391a?
-738a5
In base 15, what is -18094a - 1a7?
-180b02
In base 6, what is 31444323 + 12?
31444335
In base 15, what is 6 - 5a95?
-5a8e
In base 12, what is -bbab9966 - 2?
-bbab9968
In base 5, what is -3101 - -12431114?
12423013
In base 6, what is -2 + -352130341?
-352130343
In base 2, what is 10101010011100110011101011 + -11?
10101010011100110011101000
In base 2, what is 10100111001 + 1001001101?
11110000110
In base 10, what is 8548621 + -2?
8548619
In base 2, what is -100 - 10110111010111001110?
-10110111010111010010
In base 12, what is 62 - 37251?
-371ab
In base 3, what is 1 + 10000120212201002?
10000120212201010
In base 7, what is 246043 - 1150?
244563
In base 7, what is -613 - 12166003?
-12166616
In base 2, what is 11100001 + 11001100101011?
11010000001100
In base 3, what is -110121121122 + 2010101?
-110112111021
In base 16, what is -2f3 - 1c72?
-1f65
In base 14, what is 2db8a5 - -100?
2db9a5
In base 8, what is -1315 + -2176?
-3513
In base 14, what is 1 + 528697?
528698
In base 9, what is -27440 + 778?
-26551
In base 2, what is -100000000 + 10010110011110010?
10010101111110010
In base 2, what is -1101100101000 - -10010110000010?
101001011010
In base 8, what is -2367 + 162433?
160044
In base 6, what is 341421500 + 0?
341421500
In base 16, what is 6 - 6988d4?
-6988ce
In base 16, what is 4c65 + -a52?
4213
In base 5, what is -222 + 1240212231?
1240212004
In base 15, what is 15eb0 + 736?
166e6
In base 3, what is -200 - -1221222100021?
1221222022121
In base 13, what is c - -391a78?
391a87
In base 2, what is -1111101100110 - 100000000010010011?
-100001111111111001
In base 6, what is -31203504042 + 3?
-31203504035
In base 15, what is 153e4 - -43?
15437
In base 11, what is 1 + 21062203?
21062204
In base 14, what is -4222c5 - -7?
-4222bc
In base 3, what is -1020112020110100 - 120?
-1020112020110220
In base 16, what is -9 + -20c33b?
-20c344
In base 12, what is -1ba7 - 1188a?
-13875
In base 14, what is -1490c48 + -2?
-1490c4a
In base 10, what is -497974 - 4?
-497978
In base 6, what is 35451 + -114030?
-34135
In base 7, what is 14103 - -15?
14121
In base 12, what is -77 + -42960?
-42a17
In base 2, what is 1000100111110011110 - 101010?
1000100111101110100
In base 9, what is 415 + 347883?
348408
In base 11, what is -6a9912a - -3?
-6a99127
In base 10, what is -850249 + 114?
-850135
In base 15, what is 13 + -1815d9?
-1815c6
In base 8, what is 3 + -14764077?
-14764074
In base 6, what is -13040452 - -22?
-13040430
In base 10, what is -13213 - -1352?
-11861
In base 8, what is -6643 + -5635?
-14500
In base 16, what is 5 - -43bc09?
43bc0e
In base 8, what is 317 + -240170?
-237651
In base 12, what is -5 - 390491b?
-3904924
In base 15, what is 76da763 + 0?
76da763
In base 2, what is 100101011101111010 - 1011110?
100101011100011100
In base 2, what is 1110110111110 + 1001111000100011?
1011101111100001
In base 3, what is 10000111212020 + 221?
10000111220011
In base 13, what is 3 + -17b77b3?
-17b77b0
In base 15, what is 1a2dc + 20a9?
1c396
In base 3, what is -21010121222012122 + -10?
-21010121222012202
In base 11, what is -1906 - 4972?
-6778
In base 5, what is -310002 - 400?
-310402
In base 16, what is -d78 + 3fde?
3266
In base 11, what is 13747 - -69?
13805
In base 4, what is 100 - 2121103311032?
-2121103310332
In base 10, what is 997385 - 24?
997361
In base 10, what is -2915496 - 5?
-2915501
In base 14, what is -a5192c6 + -3?
-a5192c9
In base 11, what is 404 + 1048579?
1048982
In base 8, what is -1357 - 41740?
-43317
In base 10, what is 44256 + 486?
44742
In base 4, what is 3222001310 + -3023?
3221332221
In base 15, what is -6e + -395182?
-395201
In base 15, what is -1dd + 1d5d3?
1d3e5
In base 7, what is 1 - -40205012?
40205013
In base 14, what is 1386 - -18b63?
1a109
In base 9, what is 1411636 - 48?
1411577
In base 15, what is -607 - 18a1?
-1ea8
In base 12, what is -435 + -11721?
-11b56
In base 6, what is -42400001 + 33?
-42355524
In base 5, what is 1311203 - 233103?
1023100
In base 9, what is -4135 + -2345?
-6481
In base 15, what is -1b5 + 7790a?
77745
In base 13, what is 4 - 4b596a4?
-4b596a0
In base 8, what is -5056675 - -1?
-5056674
In base 15, what is b01cbb0 + 0?
b01cbb0
In base 3, what is 101012 - -21122121011?
21122222100
In base 15, what is 0 + 2c1340?
2c1340
In base 2, what is -10111100011 - 11010100111?
-110010001010
In base 16, what is 6837 - -afd?
7334
In base 12, what is 11535 - -51?
11586
In base 8, what is 364576 - 77?
364477
In base 10, what is -12 - -30708975?
30708963
In base 8, what is -3041715 + 1?
-3041714
In base 2, what is -10110100001111100 - 1101001001110?
-11000001011001010
In base 3, what is 10012222 + -2201102102?
-2121012110
In base 8, what is 2105730 + -20?
2105710
In base 2, what is -1011100000011001110101 - -11?
-1011100000011001110010
In base 10, what is 2 + -7905491?
-7905489
In base 10, what is 230612 - -319?
230931
In base 2, what is -10100000001100101 - -11100011?
-10011111110000010
In base 12, what is -9a31399 + -4?
-9a313a1
In base 2, what is 100010100110001011111100110 - -1000?
100010100110001011111101110
In base 7, what is -2600023 - -233?
-2566460
In base 4, what is 103 + -2330233132?
-2330233023
In base 12, what is 25a27a - 27?
25a253
In base 9, what is -843035 - 28?
-843064
In base 7, what is 5114311 + -441?
5113540
In base 6, what is -2 + 5302525201?
5302525155
In base 16, what is -18 + 15f632?
15f61a
In base 12, what is 404b031 - 1?
404b030
In base 12, what is -23bb8b7 + 0?
-23bb8b7
In base 12, what is 4972366 + 4?
497236a
In base 2,